{"id":133,"date":"2021-10-17T15:55:11","date_gmt":"2021-10-17T15:55:11","guid":{"rendered":"https:\/\/legura.hr\/?page_id=133"},"modified":"2022-10-27T11:16:32","modified_gmt":"2022-10-27T10:16:32","slug":"kontakt","status":"publish","type":"page","link":"https:\/\/legura.hr\/?page_id=133","title":{"rendered":"Kontakt"},"content":{"rendered":"\t\t<div data-elementor-type=\"wp-page\" data-elementor-id=\"133\" class=\"elementor elementor-133\" data-elementor-settings=\"[]\">\n\t\t\t\t\t\t\t<div class=\"elementor-section-wrap\">\n\t\t\t\t\t\t\t<section class=\"elementor-section elementor-top-section elementor-element elementor-element-bc9203c elementor-hidden-tablet elementor-hidden-mobile elementor-section-boxed elementor-section-height-default elementor-section-height-default\" data-id=\"bc9203c\" data-element_type=\"section\" data-settings=\"{&quot;background_background&quot;:&quot;classic&quot;}\">\n\t\t\t\t\t\t<div class=\"elementor-container elementor-column-gap-default\">\n\t\t\t\t\t<div class=\"elementor-column elementor-col-50 elementor-top-column elementor-element elementor-element-9bf230f\" data-id=\"9bf230f\" data-element_type=\"column\" data-settings=\"{&quot;background_background&quot;:&quot;classic&quot;}\">\n\t\t\t<div class=\"elementor-widget-wrap elementor-element-populated\">\n\t\t\t\t\t\t\t\t<div class=\"elementor-element elementor-element-b445269 elementor-widget elementor-widget-wp-widget-presscore-contact-form-widget\" data-id=\"b445269\" data-element_type=\"widget\" data-widget_type=\"wp-widget-presscore-contact-form-widget.default\">\n\t\t\t\t<div class=\"elementor-widget-container\">\n\t\t\t<h5>Javi nam se ve\u0107 danas!<\/h5><form class=\"dt-contact-form dt-form\" method=\"post\"><input type=\"hidden\" name=\"widget_id\" value=\"presscore-contact-form-widget-REPLACE_TO_ID\" \/><input type=\"hidden\" name=\"send_message\" value=\"\" \/><input type=\"hidden\" name=\"security_token\" value=\"588e9e9b92e7065e39c2\"\/><div class=\"form-fields\"><span class=\"form-name\"><label class=\"assistive-text\">Name *<\/label><input type=\"text\" class=\"validate[required]\" placeholder=\"Name *\" name=\"name\" value=\"\" aria-required=\"true\">\n<\/span><span class=\"form-mail\"><label class=\"assistive-text\">E-mail *<\/label><input type=\"text\" class=\"validate[required,custom[email]]\" placeholder=\"E-mail *\" name=\"email\" value=\"\" aria-required=\"true\">\n<\/span><span class=\"form-telephone\"><label class=\"assistive-text\">Telephone<\/label><input type=\"text\" placeholder=\"Telephone\" name=\"telephone\" value=\"\" aria-required=\"false\">\n<\/span><\/div><span class=\"form-message\"><label class=\"assistive-text\">Message<\/label><textarea placeholder=\"Message\" name=\"message\" rows=\"6\" aria-required=\"false\"><\/textarea>\n<\/span><p><a href=\"#\" class=\"dt-btn dt-btn-m dt-btn-submit\" rel=\"nofollow\"><span>Submit<\/span><\/a><input class=\"assistive-text\" type=\"submit\" value=\"submit\"><\/p><\/form>\n\t\t<\/div>\n\t\t\t\t<\/div>\n\t\t\t\t\t<\/div>\n\t\t<\/div>\n\t\t\t\t<div class=\"elementor-column elementor-col-50 elementor-top-column elementor-element elementor-element-c1a6279\" data-id=\"c1a6279\" data-element_type=\"column\" data-settings=\"{&quot;background_background&quot;:&quot;classic&quot;}\">\n\t\t\t<div class=\"elementor-widget-wrap elementor-element-populated\">\n\t\t\t\t\t\t\t\t<div class=\"elementor-element elementor-element-d9767d7 elementor-widget elementor-widget-heading\" data-id=\"d9767d7\" data-element_type=\"widget\" data-widget_type=\"heading.default\">\n\t\t\t\t<div class=\"elementor-widget-container\">\n\t\t\t<h2 class=\"elementor-heading-title elementor-size-default\">Legura.d.o.o.<\/h2>\t\t<\/div>\n\t\t\t\t<\/div>\n\t\t\t\t<div class=\"elementor-element elementor-element-aa33ee1 elementor-widget elementor-widget-heading\" data-id=\"aa33ee1\" data-element_type=\"widget\" data-widget_type=\"heading.default\">\n\t\t\t\t<div class=\"elementor-widget-container\">\n\t\t\t<h2 class=\"elementor-heading-title elementor-size-default\">N.\u0160.Zrinskog 138<\/h2>\t\t<\/div>\n\t\t\t\t<\/div>\n\t\t\t\t<div class=\"elementor-element elementor-element-c820318 elementor-widget elementor-widget-heading\" data-id=\"c820318\" data-element_type=\"widget\" data-widget_type=\"heading.default\">\n\t\t\t\t<div class=\"elementor-widget-container\">\n\t\t\t<h2 class=\"elementor-heading-title elementor-size-default\">33517 Mikleu\u0161<\/h2>\t\t<\/div>\n\t\t\t\t<\/div>\n\t\t\t\t<div class=\"elementor-element elementor-element-73e9811 elementor-widget elementor-widget-heading\" data-id=\"73e9811\" data-element_type=\"widget\" data-widget_type=\"heading.default\">\n\t\t\t\t<div class=\"elementor-widget-container\">\n\t\t\t<h2 class=\"elementor-heading-title elementor-size-default\">OIB: 45919181281<\/h2>\t\t<\/div>\n\t\t\t\t<\/div>\n\t\t\t\t<div class=\"elementor-element elementor-element-b7bde51 elementor-widget elementor-widget-heading\" data-id=\"b7bde51\" data-element_type=\"widget\" data-widget_type=\"heading.default\">\n\t\t\t\t<div class=\"elementor-widget-container\">\n\t\t\t<h2 class=\"elementor-heading-title elementor-size-default\">Prodaja: 097 6727 902<\/h2>\t\t<\/div>\n\t\t\t\t<\/div>\n\t\t\t\t<div class=\"elementor-element elementor-element-6f99b2d elementor-widget elementor-widget-heading\" data-id=\"6f99b2d\" data-element_type=\"widget\" data-widget_type=\"heading.default\">\n\t\t\t\t<div class=\"elementor-widget-container\">\n\t\t\t<h2 class=\"elementor-heading-title elementor-size-default\">Voditelj: 098 326 993<\/h2>\t\t<\/div>\n\t\t\t\t<\/div>\n\t\t\t\t<div class=\"elementor-element elementor-element-0136f51 elementor-widget elementor-widget-heading\" data-id=\"0136f51\" data-element_type=\"widget\" data-widget_type=\"heading.default\">\n\t\t\t\t<div class=\"elementor-widget-container\">\n\t\t\t<h2 class=\"elementor-heading-title elementor-size-default\">TEL\/FAX: 033 563 563<\/h2>\t\t<\/div>\n\t\t\t\t<\/div>\n\t\t\t\t\t<\/div>\n\t\t<\/div>\n\t\t\t\t\t\t\t<\/div>\n\t\t<\/section>\n\t\t\t\t<section class=\"elementor-section elementor-top-section elementor-element elementor-element-8df2923 elementor-hidden-desktop elementor-section-boxed elementor-section-height-default elementor-section-height-default\" data-id=\"8df2923\" data-element_type=\"section\" data-settings=\"{&quot;background_background&quot;:&quot;classic&quot;}\">\n\t\t\t\t\t\t<div class=\"elementor-container elementor-column-gap-default\">\n\t\t\t\t\t<div class=\"elementor-column elementor-col-50 elementor-top-column elementor-element elementor-element-61dadf6\" data-id=\"61dadf6\" data-element_type=\"column\">\n\t\t\t<div class=\"elementor-widget-wrap elementor-element-populated\">\n\t\t\t\t\t\t\t\t<div class=\"elementor-element elementor-element-4027cfe elementor-widget elementor-widget-wp-widget-presscore-contact-form-widget\" data-id=\"4027cfe\" data-element_type=\"widget\" data-widget_type=\"wp-widget-presscore-contact-form-widget.default\">\n\t\t\t\t<div class=\"elementor-widget-container\">\n\t\t\t<h5>Javi nam se ve\u0107 danas!<\/h5><form class=\"dt-contact-form dt-form\" method=\"post\"><input type=\"hidden\" name=\"widget_id\" value=\"presscore-contact-form-widget-REPLACE_TO_ID\" \/><input type=\"hidden\" name=\"send_message\" value=\"\" \/><input type=\"hidden\" name=\"security_token\" value=\"588e9e9b92e7065e39c2\"\/><div class=\"form-fields\"><span class=\"form-name\"><label class=\"assistive-text\">Name *<\/label><input type=\"text\" class=\"validate[required]\" placeholder=\"Name *\" name=\"name\" value=\"\" aria-required=\"true\">\n<\/span><span class=\"form-mail\"><label class=\"assistive-text\">E-mail *<\/label><input type=\"text\" class=\"validate[required,custom[email]]\" placeholder=\"E-mail *\" name=\"email\" value=\"\" aria-required=\"true\">\n<\/span><span class=\"form-telephone\"><label class=\"assistive-text\">Telephone<\/label><input type=\"text\" placeholder=\"Telephone\" name=\"telephone\" value=\"\" aria-required=\"false\">\n<\/span><\/div><span class=\"form-message\"><label class=\"assistive-text\">Message<\/label><textarea placeholder=\"Message\" name=\"message\" rows=\"6\" aria-required=\"false\"><\/textarea>\n<\/span><p><a href=\"#\" class=\"dt-btn dt-btn-m dt-btn-submit\" rel=\"nofollow\"><span>Submit<\/span><\/a><input class=\"assistive-text\" type=\"submit\" value=\"submit\"><\/p><\/form>\n\t\t<\/div>\n\t\t\t\t<\/div>\n\t\t\t\t\t<\/div>\n\t\t<\/div>\n\t\t\t\t<div class=\"elementor-column elementor-col-50 elementor-top-column elementor-element elementor-element-b6c2ca8\" data-id=\"b6c2ca8\" data-element_type=\"column\">\n\t\t\t<div class=\"elementor-widget-wrap elementor-element-populated\">\n\t\t\t\t\t\t\t\t<div class=\"elementor-element elementor-element-88a29b2 elementor-widget elementor-widget-heading\" data-id=\"88a29b2\" data-element_type=\"widget\" data-widget_type=\"heading.default\">\n\t\t\t\t<div class=\"elementor-widget-container\">\n\t\t\t<h2 class=\"elementor-heading-title elementor-size-default\">Legura.d.o.o.<\/h2>\t\t<\/div>\n\t\t\t\t<\/div>\n\t\t\t\t<div class=\"elementor-element elementor-element-4deca66 elementor-widget elementor-widget-heading\" data-id=\"4deca66\" data-element_type=\"widget\" data-widget_type=\"heading.default\">\n\t\t\t\t<div class=\"elementor-widget-container\">\n\t\t\t<h2 class=\"elementor-heading-title elementor-size-default\">N.\u0160.Zrinskog 138<\/h2>\t\t<\/div>\n\t\t\t\t<\/div>\n\t\t\t\t<div class=\"elementor-element elementor-element-e1b3698 elementor-widget elementor-widget-heading\" data-id=\"e1b3698\" data-element_type=\"widget\" data-widget_type=\"heading.default\">\n\t\t\t\t<div class=\"elementor-widget-container\">\n\t\t\t<h2 class=\"elementor-heading-title elementor-size-default\">33517 Mikleu\u0161<\/h2>\t\t<\/div>\n\t\t\t\t<\/div>\n\t\t\t\t<div class=\"elementor-element elementor-element-daa3be6 elementor-widget elementor-widget-heading\" data-id=\"daa3be6\" data-element_type=\"widget\" data-widget_type=\"heading.default\">\n\t\t\t\t<div class=\"elementor-widget-container\">\n\t\t\t<h2 class=\"elementor-heading-title elementor-size-default\">OIB: 45919181281<\/h2>\t\t<\/div>\n\t\t\t\t<\/div>\n\t\t\t\t<div class=\"elementor-element elementor-element-dbfa999 elementor-widget elementor-widget-heading\" data-id=\"dbfa999\" data-element_type=\"widget\" data-widget_type=\"heading.default\">\n\t\t\t\t<div class=\"elementor-widget-container\">\n\t\t\t<h2 class=\"elementor-heading-title elementor-size-default\">Prodaja: 097 6727 902<\/h2>\t\t<\/div>\n\t\t\t\t<\/div>\n\t\t\t\t<div class=\"elementor-element elementor-element-f8f4aad elementor-widget elementor-widget-heading\" data-id=\"f8f4aad\" data-element_type=\"widget\" data-widget_type=\"heading.default\">\n\t\t\t\t<div class=\"elementor-widget-container\">\n\t\t\t<h2 class=\"elementor-heading-title elementor-size-default\">Voditelj: 098 326 993<\/h2>\t\t<\/div>\n\t\t\t\t<\/div>\n\t\t\t\t<div class=\"elementor-element elementor-element-c139131 elementor-widget elementor-widget-heading\" data-id=\"c139131\" data-element_type=\"widget\" data-widget_type=\"heading.default\">\n\t\t\t\t<div class=\"elementor-widget-container\">\n\t\t\t<h2 class=\"elementor-heading-title elementor-size-default\">TEL\/FAX: 033 563 563<\/h2>\t\t<\/div>\n\t\t\t\t<\/div>\n\t\t\t\t\t<\/div>\n\t\t<\/div>\n\t\t\t\t\t\t\t<\/div>\n\t\t<\/section>\n\t\t\t\t<section class=\"elementor-section elementor-top-section elementor-element elementor-element-734f53f elementor-section-boxed elementor-section-height-default elementor-section-height-default\" data-id=\"734f53f\" data-element_type=\"section\">\n\t\t\t\t\t\t<div class=\"elementor-container elementor-column-gap-default\">\n\t\t\t\t\t<div class=\"elementor-column elementor-col-100 elementor-top-column elementor-element elementor-element-18aa178\" data-id=\"18aa178\" data-element_type=\"column\">\n\t\t\t<div class=\"elementor-widget-wrap elementor-element-populated\">\n\t\t\t\t\t\t\t\t<div class=\"elementor-element elementor-element-a7b822b elementor-widget elementor-widget-google_maps\" data-id=\"a7b822b\" data-element_type=\"widget\" data-widget_type=\"google_maps.default\">\n\t\t\t\t<div class=\"elementor-widget-container\">\n\t\t\t\t\t<div class=\"elementor-custom-embed\">\n\t\t\t<iframe frameborder=\"0\" scrolling=\"no\" marginheight=\"0\" marginwidth=\"0\"\n\t\t\t\t\tsrc=\"https:\/\/maps.google.com\/maps?q=Ul.%20Nikole%20%C5%A0ubi%C4%87a%20Zrinskog%20138%2C%2033517%2C%20Mikleu%C5%A1&#038;t=m&#038;z=13&#038;output=embed&#038;iwloc=near\"\n\t\t\t\t\ttitle=\"Ul. Nikole \u0160ubi\u0107a Zrinskog 138, 33517, Mikleu\u0161\"\n\t\t\t\t\taria-label=\"Ul. Nikole \u0160ubi\u0107a Zrinskog 138, 33517, Mikleu\u0161\"\n\t\t\t><\/iframe>\n\t\t<\/div>\n\t\t\t\t<\/div>\n\t\t\t\t<\/div>\n\t\t\t\t\t<\/div>\n\t\t<\/div>\n\t\t\t\t\t\t\t<\/div>\n\t\t<\/section>\n\t\t\t\t\t\t<\/div>\n\t\t\t\t\t<\/div>\n\t\t","protected":false},"excerpt":{"rendered":"<p>Legura.d.o.o. N.\u0160.Zrinskog 138 33517 Mikleu\u0161 OIB: 45919181281 Prodaja: 097 6727 902 Voditelj: 098 326 993 TEL\/FAX: 033 563 563 Legura.d.o.o. N.\u0160.Zrinskog 138 33517 Mikleu\u0161 OIB: 45919181281 Prodaja: 097 6727 902 Voditelj: 098 326 993 TEL\/FAX: 033 563 563<\/p>\n","protected":false},"author":1,"featured_media":0,"parent":0,"menu_order":0,"comment_status":"closed","ping_status":"closed","template":"","meta":{"footnotes":""},"class_list":["post-133","page","type-page","status-publish","hentry","description-off"],"yoast_head":"<!-- This site is optimized with the Yoast SEO plugin v19.9 - https:\/\/yoast.com\/wordpress\/plugins\/seo\/ -->\n<title>Kontakt - Legura d.o.o.<\/title>\n<meta name=\"description\" content=\"Prodaja aparata i ure\u0111aja Fronius. Usluge zavarivanja, reparaturno zavarivanje. Kontakt Legura d.o.o. Mikleu\u0161. Dodatna oprema za varenje.\" \/>\n<meta name=\"robots\" content=\"index, follow, max-snippet:-1, max-image-preview:large, max-video-preview:-1\" \/>\n<link rel=\"canonical\" href=\"https:\/\/legura.hr\/?page_id=133\" \/>\n<meta property=\"og:locale\" content=\"en_US\" \/>\n<meta property=\"og:type\" content=\"article\" \/>\n<meta property=\"og:title\" content=\"Kontakt - Legura d.o.o.\" \/>\n<meta property=\"og:description\" content=\"Prodaja aparata i ure\u0111aja Fronius. Usluge zavarivanja, reparaturno zavarivanje. Kontakt Legura d.o.o. Mikleu\u0161. Dodatna oprema za varenje.\" \/>\n<meta property=\"og:url\" content=\"https:\/\/legura.hr\/?page_id=133\" \/>\n<meta property=\"og:site_name\" content=\"Legura d.o.o.\" \/>\n<meta property=\"article:publisher\" content=\"https:\/\/www.facebook.com\/profile.php?id=100057401111689\" \/>\n<meta property=\"article:modified_time\" content=\"2022-10-27T10:16:32+00:00\" \/>\n<meta name=\"twitter:card\" content=\"summary_large_image\" \/>\n<meta name=\"twitter:label1\" content=\"Est. reading time\" \/>\n\t<meta name=\"twitter:data1\" content=\"1 minute\" \/>\n<script type=\"application\/ld+json\" class=\"yoast-schema-graph\">{\"@context\":\"https:\/\/schema.org\",\"@graph\":[{\"@type\":\"WebPage\",\"@id\":\"https:\/\/legura.hr\/?page_id=133\",\"url\":\"https:\/\/legura.hr\/?page_id=133\",\"name\":\"Kontakt - Legura d.o.o.\",\"isPartOf\":{\"@id\":\"https:\/\/legura.hr\/#website\"},\"datePublished\":\"2021-10-17T15:55:11+00:00\",\"dateModified\":\"2022-10-27T10:16:32+00:00\",\"description\":\"Prodaja aparata i ure\u0111aja Fronius. Usluge zavarivanja, reparaturno zavarivanje. Kontakt Legura d.o.o. Mikleu\u0161. Dodatna oprema za varenje.\",\"breadcrumb\":{\"@id\":\"https:\/\/legura.hr\/?page_id=133#breadcrumb\"},\"inLanguage\":\"en-US\",\"potentialAction\":[{\"@type\":\"ReadAction\",\"target\":[\"https:\/\/legura.hr\/?page_id=133\"]}]},{\"@type\":\"BreadcrumbList\",\"@id\":\"https:\/\/legura.hr\/?page_id=133#breadcrumb\",\"itemListElement\":[{\"@type\":\"ListItem\",\"position\":1,\"name\":\"Home\",\"item\":\"https:\/\/legura.hr\/\"},{\"@type\":\"ListItem\",\"position\":2,\"name\":\"Kontakt\"}]},{\"@type\":\"WebSite\",\"@id\":\"https:\/\/legura.hr\/#website\",\"url\":\"https:\/\/legura.hr\/\",\"name\":\"Legura d.o.o.\",\"description\":\"Usluge Zavarivanja\",\"publisher\":{\"@id\":\"https:\/\/legura.hr\/#organization\"},\"potentialAction\":[{\"@type\":\"SearchAction\",\"target\":{\"@type\":\"EntryPoint\",\"urlTemplate\":\"https:\/\/legura.hr\/?s={search_term_string}\"},\"query-input\":\"required name=search_term_string\"}],\"inLanguage\":\"en-US\"},{\"@type\":\"Organization\",\"@id\":\"https:\/\/legura.hr\/#organization\",\"name\":\"Legura d.o.o.\",\"url\":\"https:\/\/legura.hr\/\",\"logo\":{\"@type\":\"ImageObject\",\"inLanguage\":\"en-US\",\"@id\":\"https:\/\/legura.hr\/#\/schema\/logo\/image\/\",\"url\":\"https:\/\/legura.hr\/wp-content\/uploads\/2021\/10\/Legura-logo-u-vekorima-crno1-scaled.jpg\",\"contentUrl\":\"https:\/\/legura.hr\/wp-content\/uploads\/2021\/10\/Legura-logo-u-vekorima-crno1-scaled.jpg\",\"width\":2560,\"height\":730,\"caption\":\"Legura d.o.o.\"},\"image\":{\"@id\":\"https:\/\/legura.hr\/#\/schema\/logo\/image\/\"},\"sameAs\":[\"https:\/\/www.facebook.com\/fronius.int\/\",\"https:\/\/www.facebook.com\/profile.php?id=100057401111689\"]}]}<\/script>\n<!-- \/ Yoast SEO plugin. -->","yoast_head_json":{"title":"Kontakt - Legura d.o.o.","description":"Prodaja aparata i ure\u0111aja Fronius. Usluge zavarivanja, reparaturno zavarivanje. Kontakt Legura d.o.o. Mikleu\u0161. Dodatna oprema za varenje.","robots":{"index":"index","follow":"follow","max-snippet":"max-snippet:-1","max-image-preview":"max-image-preview:large","max-video-preview":"max-video-preview:-1"},"canonical":"https:\/\/legura.hr\/?page_id=133","og_locale":"en_US","og_type":"article","og_title":"Kontakt - Legura d.o.o.","og_description":"Prodaja aparata i ure\u0111aja Fronius. Usluge zavarivanja, reparaturno zavarivanje. Kontakt Legura d.o.o. Mikleu\u0161. Dodatna oprema za varenje.","og_url":"https:\/\/legura.hr\/?page_id=133","og_site_name":"Legura d.o.o.","article_publisher":"https:\/\/www.facebook.com\/profile.php?id=100057401111689","article_modified_time":"2022-10-27T10:16:32+00:00","twitter_card":"summary_large_image","twitter_misc":{"Est. reading time":"1 minute"},"schema":{"@context":"https:\/\/schema.org","@graph":[{"@type":"WebPage","@id":"https:\/\/legura.hr\/?page_id=133","url":"https:\/\/legura.hr\/?page_id=133","name":"Kontakt - Legura d.o.o.","isPartOf":{"@id":"https:\/\/legura.hr\/#website"},"datePublished":"2021-10-17T15:55:11+00:00","dateModified":"2022-10-27T10:16:32+00:00","description":"Prodaja aparata i ure\u0111aja Fronius. Usluge zavarivanja, reparaturno zavarivanje. Kontakt Legura d.o.o. Mikleu\u0161. Dodatna oprema za varenje.","breadcrumb":{"@id":"https:\/\/legura.hr\/?page_id=133#breadcrumb"},"inLanguage":"en-US","potentialAction":[{"@type":"ReadAction","target":["https:\/\/legura.hr\/?page_id=133"]}]},{"@type":"BreadcrumbList","@id":"https:\/\/legura.hr\/?page_id=133#breadcrumb","itemListElement":[{"@type":"ListItem","position":1,"name":"Home","item":"https:\/\/legura.hr\/"},{"@type":"ListItem","position":2,"name":"Kontakt"}]},{"@type":"WebSite","@id":"https:\/\/legura.hr\/#website","url":"https:\/\/legura.hr\/","name":"Legura d.o.o.","description":"Usluge Zavarivanja","publisher":{"@id":"https:\/\/legura.hr\/#organization"},"potentialAction":[{"@type":"SearchAction","target":{"@type":"EntryPoint","urlTemplate":"https:\/\/legura.hr\/?s={search_term_string}"},"query-input":"required name=search_term_string"}],"inLanguage":"en-US"},{"@type":"Organization","@id":"https:\/\/legura.hr\/#organization","name":"Legura d.o.o.","url":"https:\/\/legura.hr\/","logo":{"@type":"ImageObject","inLanguage":"en-US","@id":"https:\/\/legura.hr\/#\/schema\/logo\/image\/","url":"https:\/\/legura.hr\/wp-content\/uploads\/2021\/10\/Legura-logo-u-vekorima-crno1-scaled.jpg","contentUrl":"https:\/\/legura.hr\/wp-content\/uploads\/2021\/10\/Legura-logo-u-vekorima-crno1-scaled.jpg","width":2560,"height":730,"caption":"Legura d.o.o."},"image":{"@id":"https:\/\/legura.hr\/#\/schema\/logo\/image\/"},"sameAs":["https:\/\/www.facebook.com\/fronius.int\/","https:\/\/www.facebook.com\/profile.php?id=100057401111689"]}]}},"_links":{"self":[{"href":"https:\/\/legura.hr\/index.php?rest_route=\/wp\/v2\/pages\/133","targetHints":{"allow":["GET"]}}],"collection":[{"href":"https:\/\/legura.hr\/index.php?rest_route=\/wp\/v2\/pages"}],"about":[{"href":"https:\/\/legura.hr\/index.php?rest_route=\/wp\/v2\/types\/page"}],"author":[{"embeddable":true,"href":"https:\/\/legura.hr\/index.php?rest_route=\/wp\/v2\/users\/1"}],"replies":[{"embeddable":true,"href":"https:\/\/legura.hr\/index.php?rest_route=%2Fwp%2Fv2%2Fcomments&post=133"}],"version-history":[{"count":69,"href":"https:\/\/legura.hr\/index.php?rest_route=\/wp\/v2\/pages\/133\/revisions"}],"predecessor-version":[{"id":431,"href":"https:\/\/legura.hr\/index.php?rest_route=\/wp\/v2\/pages\/133\/revisions\/431"}],"wp:attachment":[{"href":"https:\/\/legura.hr\/index.php?rest_route=%2Fwp%2Fv2%2Fmedia&parent=133"}],"curies":[{"name":"wp","href":"https:\/\/api.w.org\/{rel}","templated":true}]}}